Determine f(c).
5
Let z(l) = -3*l**3 + 18*l**2 - 11*l + 2. Let f(s) = -s**3 + 6*s**2 - 4*s + 1. Let q(m) = -7*f(m) + 2*z(m). Give q(5).
2
Suppose 2*k = 6, -3*u - 4 = 5*k + 2. Let d(z) = -z**2 - 4*z + 3. Determine d(u).
-18
Let l(p) = p**3 - 8*p**2 + 9*p - 8. Let b be l(7). Suppose b*s = s + 30. Let n(r) = r**2 - 7*r - 1. Give n(s).
-7
Let p(w) = 71*w + 1 - 148*w + 59*w. Let x(c) = c**3 - 8*c**2 + 8*c - 8. Let q be x(7). Determine p(q).
19
Let t = -978 - -985. Let d(v) = -6*v - 2. Determine d(t).
-44
Let f(q) = 3*q + 2. Let l = 20 + -18. Suppose 4*b - d = -0*d - 15, 3*b - l*d + 5 = 0. What is f(b)?
-13
Let f = 7 - 3. Suppose 0 = -f*t - n + 7, 5*t - 5 + 0 = -5*n. Let u(q) = 7*q - 10*q**2 + 25*q**2 + 6 - 14*q**t. Calculate u(-6).
0
Let h(z) = -8 + 25 - 9 - 29*z. Let m(t) = -10*t + 3. Let q(a) = -6*h(a) + 17*m(a). Calculate q(-2).
-5
Let x(n) be the first derivative of n**4/6 + 13*n**2/2 - 20. Let u(g) be the second derivative of x(g). Give u(-1).
-4
Let a(h) = h**2 + h - 5. Let c be ((-60)/(-70))/(6/(-28)). What is a(c)?
7
Let a be (-144)/(-81) - (-4)/18. Suppose -a*y = -4*d - 6, 5*d = -4*y + 6*d - 23. Let v(k) = k**2 + 8*k + 3. Determine v(y).
-4
Let j = 31 - 36. Let c(d) = -5*d + 13*d + 1 - 9*d. Give c(j).
6
Suppose 2*r - 19 = -13. Let d(c) = 86*c**3 + c - 85*c**r + c - 5*c + 4*c**2. Calculate d(-5).
-10
Let g(d) = -d**3 - 6*d**2 + 5*d + 9. Suppose -2*l - 2*l - 2 = -s, -4*s = 2*l - 44. Let h be 5 - (s - 12/(-6)). Calculate g(h).
23
Let c(r) = r**2 - 6*r - 3. Suppose -5 = 3*j + 5*z, j + 4*j = 5*z + 45. What is c(j)?
-8
Let b(m) = -45*m**2 + m + 2. Let l be b(-1). Let t be l - (-4 - -2)/1. Let d be (-12)/t + 16/(-7). Let j(c) = -c**3 + c**2 + c - 1. What is j(d)?
9
Suppose -7 = -5*o - 2. Suppose 6*j - o - 23 = 0. Let p(v) = -j - 4*v + 1 - 2*v. Calculate p(-2).
9
Let o = 11 + -5. Let s(d) = -2*d**2 - 3*d + 7. Let j(n) = -n**2 + n. Let q(u) = 3*j(u) - s(u). What is q(o)?
-7
Let s(c) = -c**3 + 6*c**2 - c - 26. Let r be s(5). Let n(d) = -d**2 - 5*d - 9. Calculate n(r).
-15
Let p(i) = -i**2 - 13*i + 1. Let c(w) = -3*w**2 - 38*w + 5. Let n(a) = 6*c(a) - 17*p(a). Calculate n(-9).
-5
Let z(n) be the first derivative of 6*n - 10 - 1/4*n**4 - 2*n**3 + 7/2*n**2. Calculate z(-7).
6
Let b(t) = 4*t**2 - 1 - t - 3*t**2 + 3. Let u be 114/(-95)*10/(-4). Suppose 5*s = -u*w + 35, 0 = s - 6*s + 2*w + 10. Give b(s).
14
Let w(b) = b - 19. Let s(j) = 7*j - 40. Let k be s(8). Determine w(k).
-3
Suppose 3*d - 10 = p, -2*d + 18 + 0 = 5*p. Let l(u) = 3*u**2 + 3*u**2 - 5*u**2 + 7*u - d + 0. Suppose c + 2*c + 24 = 0. Calculate l(c).
4
Let u(z) be the first derivative of -z**5/20 - z**3/6 + z**2 + 5*z + 54. Let s(j) be the second derivative of u(j). Calculate s(2).
-13
Suppose 5*c - 106 = -16. Suppose 3*d = 7*d. Suppose d = -3*h + 3 - c. Let x(j) = -j + 3. Calculate x(h).
8
Let z be (612/(-340))/((-6)/20). Let l(q) be the second derivative of -q**5/20 + q**4/2 - q**3/3 + 3*q**2 + q. What is l(z)?
-6
Let h(f) be the second derivative of -f**3/6 + f - 23. Let x be -2 - (-8)/(0 - 2). Let t be h(x). Let a(m) = -m**2 + 6*m - 3. Determine a(t).
-3
Let i(m) be the first derivative of m**4/12 - m**3/3 + 2*m**2 + m + 12. Let v(g) be the first derivative of i(g). Calculate v(-3).
19
Suppose -6*w + 9 - 33 = 0. Let v(i) = 3 - 2 + 3 - 2 + i. Give v(w).
-2
Let i(u) = -15*u**3 - 3*u**2 - 4*u - 4. Let j(a) = 5*a**3 + a**2 + a + 1. Let f(k) = -i(k) - 4*j(k). Let r = 5 + -2. Let v = -4 + r. Determine f(v).
4
Let q(l) be the second derivative of -l**6/360 + l**5/24 + l**4/6 + 3*l**3/2 + 6*l. Let k(c) be the second derivative of q(c). Calculate k(5).
4
Let p(u) be the third derivative of -u**5/60 - 5*u**4/24 - 3*u**3/2 - 265*u**2. Calculate p(-7).
-23
Suppose 0 = 2*b + 2 - 4. Let c(w) = 12*w + 2 - b - w. Give c(-1).
-10
Suppose -4 = -2*j + 4*j. Let i(v) be the first derivative of -2*v**3/3 - v**2 + v - 203. Give i(j).
-3
Let w(l) = -6*l - 25. Let j(n) = -5*n - 14. Let b(d) = 5*j(d) - 3*w(d). Give b(-9).
68
Suppose 5*k - 10 = -5*s, -5*s + 1 + 2 = 4*k. Suppose 0 = 2*o - 5 + k. Let x(v) = 12*v - 1. Determine x(o).
-13
Suppose 0 = f - 2 - 0. Suppose -5*b = 0, 2*j + 2*j - 12 = f*b. Let v(s) = -5*s - 111*s**3 + 3 + 4*s**2 - 113*s**3 + 223*s**3. What is v(j)?
-3
Let h(u) be the first derivative of 43*u**2/2 + u + 195. Calculate h(1).
44
Suppose -b + 2*b = 3*m - 26, -b - 18 = -2*m. Suppose -m*f = -10*f + 4. Suppose f = -u + 2*p, 4*u + 4*p = -42 - 2. Let c(n) = -n - 15. Calculate c(u).
-7
Let v(m) = -m**2 - 7*m - 6. Suppose -2*u = 5 - 67. Let c = 25 - u. What is v(c)?
0
Let q(u) = -u**3 - 8*u**2 - 13*u - 13. Let z(t) = 3*t**3 + 17*t**2 + 26*t + 23. Let n(s) = 5*q(s) + 2*z(s). Determine n(8).
5
Let w(y) = -y**2 - 4*y - 5. Let i = -397 - -393. What is w(i)?
-5
Let q(x) = 6*x + 1. Let z = -4 - -2. Let m be z + 5 - 8/2. Calculate q(m).
-5
Let z be -2*1 - 6/(-2). Let f be (0*z/(-2))/1. Let y(t) = -4*t**3 + 10 + 3*t - 4 - 8 + 5*t**3 - 2*t. Calculate y(f).
-2
Let n(k) = -k**2 + 38*k - k**2 - 3*k**2 - 1 + 26*k - 62*k. Suppose -2*g - 6 = -4*v, 2*v = -4*g - 1 + 9. Give n(g).
-4
Let d(s) = 2*s**2 - 2*s + 1. Let m be d(2). Let k(y) = -391*y - y**2 + 133*y + 131*y + 132*y + 7. What is k(m)?
7
Let z be 2/2 - (10 - 12). Let n(m) = z*m + 11 + m + m**2 - 18. Let h be n(-5). Let i(y) = -6*y - 2. Determine i(h).
10
Let d(i) = i**2 - 5*i + 1. Suppose 0 = -5*w + 2*r + 29, 10 + 6 = 2*w - 3*r. Suppose -w*o = -o. Let k = o + 5. What is d(k)?
1
Let l(y) = 6*y**3 + y**2. Let s(k) = -k**2 + 17*k + 111. Let f be s(22). Calculate l(f).
7
Let r(x) = -x**3 - 6*x**2 - 2*x - 1. Suppose l - 2*k - 7 = -6, 13 = 3*l + 4*k. Suppose -l*c - 2 = -p + 5*p, 0 = 4*c + 4*p + 8. Give r(c).
11
Let b(o) be the second derivative of 1/12*o**4 + 3/2*o**2 - 2*o + 0 + o**3. Let x = -151 - -147. What is b(x)?
-5
Let k(l) = -7*l**2 - 14*l + 3. Let r(s) = -20*s**2 - 40*s + 9. Let v(t) = 17*k(t) - 6*r(t). Calculate v(6).
45
Suppose -z + 3*k - 1 = -8, 0 = -5*z - 2*k + 52. Suppose -6 = 4*r - z. Let h(g) = 7*g**2 - 2*g + 1. What is h(r)?
6
Let y(v) = v**2 - v + 3. Let o(i) = -i + 26. Let q be o(20). Give y(q).
33
Let i be (-32)/3 - 10/(-15). Let a be i/(-20) + (-22)/(-4). Let x(g) = -g**3 + g + 4*g**2 - 6*g**3 + 12*g**3 - 1 - a*g**3. What is x(4)?
3
Let c(b) = 14*b - 2. Let l be c(3). Let y(r) = r**2 - 3 + 1 - l*r + 36*r. Give y(5).
3
Let p be ((-114)/76)/(9/24). Let l(n) be the third derivative of n**2 - 1/3*n**3 + 0 - 5/24*n**4 + 1/20*n**5 + 1/120*n**6 + 0*n. Give l(p).
2
Let p(h) = h. Let q(o) = 2*o - 1. Let v(r) = -3*p(r) + 2*q(r). Suppose 40*b = 45*b - 10. Calculate v(b).
0
Suppose r + 3 = 4, -2*n = 3*r - 5. Let c(h) = -h + 4*h - h**2 - 4*h + 5*h + n. Suppose -2*x + 5*v + 3 = 0, -2*x + 3*v = 2*v - 7. What is c(x)?
1
Let x be -3*(2 + (-35)/15). Let y be 3/(3/4*x) - 5. Let r(o) = 5*o + 1. Calculate r(y).
-4
Let f(k) be the first derivative of k**2/2 - 4*k - 28. Give f(-5).
-9
Let r be 3 - (-4)/12*3. Suppose 4*c = i + 20, -r*c + 28 = -2*i - i. Let o(f) = -f**2 - 7*f - 6. Determine o(i).
6
Let p(z) = z**3 - 5*z**2 + 5*z - 6. Suppose 3*k = k + 3*d + 12, -2*k - 5*d = 20. Suppose 0 = 3*n + 3*n - 24. Suppose r - n = -k*r. Give p(r).
-2
Let z be (-4230)/(-360) + 2/((-8)/7). Let v(t) be the first derivative of t**4/4 - 3*t**3 - 11*t**2/2 + 5*t + 2. What is v(z)?
-5
Let q(i) = 14*i**2. Suppose -2*p - p + 12 = 0. Suppose -p*t + 10 + 2 = 0. Suppose t*h + 2 = 5. Determine q(h).
14
Let q(b) = -b**2 + 55. Let k = -1017 - -1017. What is q(k)?
55
Let b(s) = -31*s - 1. Let r(l) = -15*l. Let w(x) = 2*b(x) - 5*r(x). What is w(-3)?
-41
Let v(f) = 4 - 12*f - 1 + 1 + 3. Let j(u) be the third derivative of u**4/2 - u**3 + 28*u**2. Let d(o) = 7*j(o) + 6*v(o). Determine d(1).
12
Let u(k) = k**3 + 3*k**2 - 8*k + 1. Let n be u(-5). Let a(o) = o**3 + 9*o**2 + o + 8. What is a(n)?
-1
Let w(h) = -h**3 - 5*h**2 - 5*h - 4. Let y = 24 + -27. Let z(k) = -k**2 - 3*k - 3. Let f be z(y). Give w(f).
-7
Suppose -1 = -b + 5. Let l = -42 - -44. Let d(y) = 5*y + y**3 - 7*y**2 + 7 - l - 1 - 3. Give d(b).
-5
Let d(v) = 5*v**3 - 2*v**2 - v. Let j be d(1). Let s(h) = -2*h**2 + 13*h - 3. Let o(k) = k**2 - 6*k + 1. Let a(f) = -5*o(f) - 2*s(f). What is a(j)?
5
Let a = -24 - -28. Suppose -a*j + 8*j = 8. Let v(n) = 2 - n**j - 17*n + 29*n - 15*n. Calculate v(-3).
2
Let v(n) = -n**3 + n**2 - 11. Suppose 3*l